igit of 164377?
6
What is the thousands digit of 1574?
1
What is the thousands digit of 2182?
2
What is the hundreds digit of 771?
7
What is the thousands digit of 3135?
3
What is the units digit of 1465?
5
What is the units digit of 11245?
5
What is the units digit of 4461?
1
What is the thousands digit of 6905?
6
What is the units digit of 29339?
9
What is the tens digit of 3982?
8
What is the tens digit of 2419?
1
What is the thousands digit of 3811?
3
What is the hundreds digit of 19063?
0
What is the hundreds digit of 157713?
7
What is the units digit of 176?
6
What is the hundreds digit of 59396?
3
What is the ten thousands digit of 52936?
5
What is the units digit of 1138?
8
What is the tens digit of 11923?
2
What is the tens digit of 17659?
5
What is the units digit of 52714?
4
What is the hundreds digit of 105907?
9
What is the hundreds digit of 599?
5
What is the tens digit of 3670?
7
What is the thousands digit of 8381?
8
What is the tens digit of 29421?
2
What is the thousands digit of 36171?
6
What is the ten thousands digit of 30207?
3
What is the tens digit of 2236?
3
What is the tens digit of 18783?
8
What is the hundreds digit of 15402?
4
What is the units digit of 370?
0
What is the units digit of 8487?
7
What is the hundreds digit of 6594?
5
What is the units digit of 93504?
4
What is the tens digit of 5656?
5
What is the tens digit of 1002?
0
What is the tens digit of 48418?
1
What is the tens digit of 64707?
0
What is the thousands digit of 21971?
1
What is the units digit of 388?
8
What is the thousands digit of 8080?
8
What is the hundreds digit of 521?
5
What is the units digit of 13476?
6
What is the hundreds digit of 2986?
9
What is the tens digit of 345?
4
What is the hundreds digit of 28612?
6
What is the units digit of 3389?
9
What is the thousands digit of 8083?
8
What is the hundreds digit of 2774?
7
What is the thousands digit of 29600?
9
What is the units digit of 1688?
8
What is the hundreds digit of 412?
4
What is the hundreds digit of 11565?
5
What is the units digit of 30775?
5
What is the hundreds digit of 721?
7
What is the units digit of 6004?
4
What is the tens digit of 4422?
2
What is the hundreds digit of 419?
4
What is the hundreds digit of 159?
1
What is the units digit of 919?
9
What is the tens digit of 509?
0
What is the units digit of 1027?
7
What is the tens digit of 53525?
2
What is the units digit of 3669?
9
What is the units digit of 16?
6
What is the units digit of 1888?
8
What is the units digit of 1814?
4
What is the tens digit of 68703?
0
What is the tens digit of 8556?
5
What is the hundreds digit of 3292?
2
What is the ten thousands digit of 53601?
5
What is the units digit of 23034?
4
What is the units digit of 1138?
8
What is the units digit of 3747?
7
What is the thousands digit of 85094?
5
What is the hundreds digit of 2002?
0
What is the thousands digit of 12662?
2
What is the tens digit of 65519?
1
What is the thousands digit of 1894?
1
What is the tens digit of 9309?
0
What is the units digit of 10605?
5
What is the thousands digit of 17140?
7
What is the units digit of 2853?
3
What is the thousands digit of 30558?
0
What is the units digit of 9924?
4
What is the hundreds digit of 812?
8
What is the tens digit of 1902?
0
What is the units digit of 1775?
5
What is the hundreds digit of 558?
5
What is the thousands digit of 3052?
3
What is the tens digit of 87?
8
What is the ten thousands digit of 12627?
1
What is the ten thousands digit of 14372?
1
What is the tens digit of 6285?
8
What is the tens digit of 46095?
9
What is the tens digit of 10193?
9
What is the units digit of 29975?
5
What is the tens digit of 4578?
7
What is the units digit of 1845?
5
What is the hundreds digit of 9454?
4
What is the thousands digit of 1612?
1
What is the thousands digit of 5081?
5
What is the units digit of 19561?
1
What is the thousands digit of 64586?
4
What is the tens digit of 2341?
4
What is the tens digit of 374?
7
What is the ten thousands digit of 15555?
1
What is the hundreds digit of 153?
1
What is the tens digit of 525?
2
What is the units digit of 25366?
6
What is the hundreds digit of 1773?
7
What is the units digit of 2121?
1
What is the tens digit of 353?
5
What is the ten thousands digit of 171194?
7
What is the hundreds digit of 65210?
2
What is the tens digit of 5064?
6
What is the tens digit of 858?
5
What is the tens digit of 39704?
0
What is the thousands digit of 1443?
1
What is the thousands digit of 10530?
0
What is the hundred thousands digit of 126455?
1
What is the thousands digit of 2994?
2
What is the tens digit of 7210?
1
What is the thousands digit of 42550?
2
What is the tens digit of 12537?
3
What is the tens digit of 934?
3
What is the units digit of 734?
4
What is the units digit of 969?
9
What is the thousands digit of 94706?
4
What is the hundreds digit of 27609?
6
What is the thousands digit of 1721?
1
What is the units digit of 11715?
5
What is the thousands digit of 4649?
4
What is the tens digit of 9119?
1
What is the ten thousands digit of 37224?
3
What is the thousands digit of 1492?
1
What is the tens digit of 13884?
8
What is the hundreds digit of 4972?
9
What is the units digit of 1208?
8
What is the hundreds digit of 35364?
3
What is the hundreds digit of 9777?
7
What is the ten thousands digit of 15370?
1
What is the thousands digit of 18401?
8
What is the units digit of 732?
2
What is the ten thousands digit of 124617?
2
What is the ten thousands digit of 107415?
0
What is the hundreds digit of 1861?
8
What is the tens digit of 5359?
5
What is the ten thousands digit of 49808?
4
What is the hundreds digit of 28451?
4
What is the ten thousands digit of 12837?
1
What is the tens digit of 10382?
8
What is the tens digit of 28755?
5
What is the hundreds digit of 412?
4
What is the units digit of 63722?
2
What is the units digit of 170?
0
What is the tens digit of 64268?
6
What is the tens digit of 2637?
3
What is the hundreds digit of 15014?
0
What is the hundreds digit of 775?
7
What is the tens digit of 3038?
3
What is the thousands digit of 4020?
4
What is the units digit of 37497?
7
What is the ten thousands digit of 18523?
1
What is the units digit of 504?
4
What is the tens digit of 36154?
5
What is the units digit of 1529?
9
What is the tens digit of 2338?
3
What is the ten thousands digit of 26319?
2
What is the tens digit of 1379?
7
What is the thousands digit of 9752?
9
What is the ten thousands digit of 38354?
3
What is the thousands digit of 1042?
1
What is the ten thousands digit of 49177?
4
What is the hundreds digit of 7281?
2
What is the tens digit of 73430?
3
What is the hundreds digit of 48914?
9
What is the hundreds digit of 2010?
0
What is the tens digit of 3431?
3
What is the thousands digit of 5713?
5
What is the hundreds digit of 71937?
9
What is the units digit of 1230?
0
What is the tens digit of 11847?
4
What is the thousands digit of 1029?
1
What is the tens digit of 535?
3
What is the hundreds digit of 4644?
6
What is the hundreds digit of 27218?
2
What is the units digit of 31463?
3
What is the tens digit of 27093?
9
What is the tens digit of 11537?
3
What is the units digit of 3169?
9
What is the units digit of 3607?
7
What is the hundreds digit of 36071?
0
What is the hundreds digit of 775?
7
What is the ten thousands digit of 50648?
5
What is the hundreds digit of 1665?
6
What is the hundreds digit of 26304?
3
What is the units digit of 1043?
3
What is the tens digit of 3904?
0
What is the units digit of 6083?
3
What is the units digit of 65?
5
What is the thousands digit of 2776?
2
What is the ten thousands digit of 19996?
1
What is the hundreds digit of 2614?
6
What is the tens digit of 956?
5
What is the tens digit of 4000?
0
What is the hundreds digit of 2319?
3
What is the tens digit of 545?
4
What is the units digit of 478?
8
What is the thousands digit of 15050?
5
What is the tens digit of 65164?
6
What is the hundreds digit of 1887?
8
What is the units digit of 2488?
8
What is the hundreds digit of 11688?
6
What is the ten thousands digit of 48305?
4
What is the ten thousands digit of 10158?
1
What is the units digit of 4516?
6
What is the tens digit of 27159?
5
What is the units digit of 1694?
4
What is 